82)). Let u(m) = 5*m - 1. Let d(v) = 44*v - 8. Suppose -q + 6 = -0*q. Let i(z) = q*d(z) - 52*u(z). Calculate i(o).
-16
Suppose -n - 185 = -201. Suppose -4*u - n = -3*g, -4*g + u + 1 = -16. Let k(v) = -v**3 + 3*v**2 + 5*v - 1. Give k(g).
3
Let g(d) = 68*d - 273*d + 103*d + 3 + 53*d. Give g(0).
3
Suppose -19*i + 16*i = -4*m + 19, 5*i + 35 = 5*m. Let n(l) = -l**3 - 10*l**2 - 12*l - 6. Determine n(i).
21
Let y(b) = b**3 - b**2 - 3*b + 1. Let z(f) = -7*f**3 + 11*f - 11. Let t(d) = -6*y(d) - z(d). What is t(-5)?
-5
Let n = 6 - 11. Let w(a) = -1570 - 1631*a**3 + a + 4*a**2 - 6*a + 1632*a**3 + 1569. What is w(n)?
-1
Let r(m) = -13*m**3 - 12*m**2 + 104*m - 15. Let a(c) = -11*c**3 - 10*c**2 + 82*c - 14. Let u(v) = 5*a(v) - 4*r(v). Calculate u(-4).
174
Suppose -8*s + 11*s - 11 = -m, -m = s - 7. Let u(n) = -1860*n - n**s + 0*n**2 + 11 + 1867*n. What is u(8)?
3
Let w(u) be the third derivative of 0*u + 0*u**5 - 11/120*u**6 + 134*u**2 + 0*u**4 + 0 + 0*u**3. Give w(-1).
11
Let o(j) = -208 + 88 + 57 - 8*j - j**2 + 50. What is o(-6)?
-1
Suppose 280 = -116*m - 306 - 342. Let r(a) = a**2 + 5*a + 2. Give r(m).
26
Let c = -9358 + 9346. Let l(o) = o**2 + 7*o + 29. Determine l(c).
89
Let i(o) = -147*o + 665. Let d(y) = 38*y - 166. Let k(h) = -35*d(h) - 9*i(h). Calculate k(-25).
0
Let s(v) = -7*v + 37. Let y be (1404/819)/((-4)/14). What is s(y)?
79
Let p(x) be the first derivative of -1/4*x**4 + 4*x**3 + 4*x - 1/2*x**2 - 260. Give p(12).
-8
Let v be (-3)/((-6)/10)*(-49)/(-35). Suppose -3*u + v = 6*m - 4*m, u - 4 = m. Let j(r) = 6*r**2 + 3*r + 2. Give j(m).
5
Let i(s) be the first derivative of s**4/4 + 5*s**3/3 + s**2 + 5*s + 12. Suppose -2*q + 2*n - 7*n + 15 = 0, -3*q - 5 = 2*n. Give i(q).
-5
Let f(d) = d**3 + d**2 - 5*d + 3. Let m(h) = -2*h**2 + 10*h + 30. Let s be m(7). What is f(s)?
5
Let s(z) = z**3 - z + 17. Let q(h) = -323 + 59 + 35*h - 13*h - 14*h. Let k be q(33). What is s(k)?
17
Let h(w) be the second derivative of w**5/20 + 4*w**4/3 - w**3/3 - 23*w**2/2 - 2*w - 26. What is h(-16)?
9
Suppose -p = 1, 0*c + 4*p + 14 = -2*c. Let n(z) = -1 - 4238*z + 4238*z - 6*z**2 + z**3 - 2*z**3 + z**2. Determine n(c).
-1
Let j(x) be the first derivative of -4*x**3/3 + 6*x**2 - 2*x + 188. Let i(r) = -5*r**2 + 14*r - 1. Let v(p) = 5*i(p) - 6*j(p). Calculate v(6).
-41
Let x(b) be the first derivative of -b**2/2 + 6*b + 1. Let o(h) be the first derivative of 8*h**2 - 600*h - 701. Let z be o(37). What is x(z)?
14
Let j(s) be the second derivative of -s**5/20 - 2*s**4/3 + 5*s**3/3 - 3*s**2 + 2*s. Suppose -3*y = 2*n + 21, -4*n = 5*y + 9 + 32. Determine j(n).
-15
Suppose -3*o - 3*v + 6 = 0, 5*o + 6*v = 3*v + 2. Let t be (221/(-3))/(123/(-369)). Let u(a) = -74 + t - 73 - 74 + 5*a. Calculate u(o).
-10
Let k(q) be the second derivative of 7*q**3/3 - q**2 - 2247*q. Determine k(3).
40
Let o(p) be the first derivative of p**3/3 - 7*p**2/2 - 4*p + 1. Let j(w) = 24*w + 106. Let k be j(-13). Let v = k + 214. Calculate o(v).
4
Let z(f) = -25*f - 78. Let j(m) = -6*m - 19. Let g(h) = -9*j(h) + 2*z(h). What is g(-8)?
-17
Let h(b) = 5*b + 2. Suppose 64*x - 1440 = 55*x. Suppose -x = 96*p - 64*p. Give h(p).
-23
Let k(n) = -3*n + 74 + 0*n + 60 - 219 + 22. Determine k(-20).
-3
Let a be (-317041)/(-321) + (-4)/6. Suppose -8 = -a*f + 988*f. Let h(g) = g**2 + 7*g - 8. What is h(f)?
0
Let j(n) = 9 + 5*n + 3*n + 4*n - 5*n. Let q = 201 - 204. Give j(q).
-12
Let u(g) = 0 + 4 - 14*g**2 - 12*g**2 - 13*g + 29*g**2. Determine u(4).
0
Let k(m) = 13*m**3 - 22*m**2 - 15*m - 19. Let z(q) = -5*q**3 + 2*q**2 - q + 1. Let h(j) = k(j) + 3*z(j). Give h(-7).
12
Suppose -4*o - 17 = -5*s, -s + 8*o + 3 = 7*o. Suppose -6*r = -r - 20. Let b(t) = -5 + 3 + 1 + t**2 - r*t - s*t. What is b(7)?
-15
Let q(r) = -111*r - 443. Let o be q(-4). Let w(k) be the third derivative of -2*k**5/15 - 2*k**2. Determine w(o).
-8
Let h(j) = 25*j - 2. Let w(m) = 233*m - 21. Let q(z) = 21*h(z) - 2*w(z). Let o(s) = -s**3 + 5*s**2 - s + 4. Let p be o(5). Give q(p).
-59
Let n(c) = 11*c + 168. Let o(j) = 130*j + 2035. Let v(a) = 35*n(a) - 3*o(a). Give v(-46).
5
Let k(p) = 3*p + 191. Let n(t) = 2*t + 95. Let b(f) = -3*k(f) + 7*n(f). What is b(-20)?
-8
Let u(c) = c**2 - 14*c + 29. Let i be (-276)/(-1794) + 4/13*32. Give u(i).
-11
Let m(q) be the third derivative of q**6/120 + 23*q**5/60 - 5*q**4/24 - 22*q**3/3 + 3734*q**2. Give m(-23).
71
Let d(l) = 2*l**3 - 3864*l**2 + 3857*l**2 + 3*l - 4 + 4*l. Give d(4).
40
Let n(r) = -5*r + 6. Let j = -1697 - -1690. Calculate n(j).
41
Suppose -2*y + 24 = 3*i, -5*y + 10*y - 49 = -2*i. Let t(m) be the third derivative of m**5/60 - m**4/3 - m**3/3 - 15*m**2. Give t(y).
7
Suppose 0 = -2*j + 5*l + 24, j - l = 4*l + 22. Let k(a) = -11*a**2 - 14*a**2 - 15*a**j + 37*a**2 + 3. Calculate k(-3).
-24
Let g(r) = 37*r**3 - 14*r**2 + 49*r + 28. Let c(w) = -7*w**3 + 3*w**2 - 10*w - 5. Let h(q) = 21*c(q) + 4*g(q). Give h(-9).
-29
Let k(n) = -48*n + 287325 + 287789 - 575597. What is k(-10)?
-3
Suppose 3*f + 3388 = 40*f + 3536. Let i(t) = 3 + 2*t - 2 + 0. What is i(f)?
-7
Let o be 4/2 - (-2 - 1). Let i(r) be the third derivative of r**4/8 - r**3 + 686*r**2 - 1. Determine i(o).
9
Suppose -115 = -119*t + 96*t. Let w(p) = -p**3 + 4*p**2 - 2*p + 7. Calculate w(t).
-28
Let k(l) = -2539*l + 0*l**3 + 7 - 2227*l + l**3 + l**2 + 4766*l. Suppose -4 = q + 3*q. Let f = q - -1. Calculate k(f).
7
Let y(x) = x**3 + 10*x**2 + 18*x - 28. Let z be y(-6). Let f(d) = d**2 - 12*d + 37. Calculate f(z).
5
Suppose -5*h + 60 = 2*u, 9*h - 48 = 5*h + 4*u. Let p(c) = -8*c**2 + 7*c - h + 13 + c - c**3 - 15*c. Calculate p(-6).
-29
Let a(q) be the third derivative of -q**6/120 - 29*q**5/60 - 101*q**4/24 - 7*q**3/2 + 4216*q**2. Calculate a(-25).
4
Let m(o) = -o. Suppose -13*i + 9*i + 16 = 0. Let h be (3/(-4))/((-1)/i). Suppose h + 0 = -v. Calculate m(v).
3
Suppose -2*o + 5*o = 0. Suppose -3*i - a = -0*a - 33, -4*i + 5*a + 25 = o. Let h(r) = 6*r - 6 + 4 - i*r. Calculate h(-2).
6
Let s(i) = 890*i - 5345. Let b be s(6). Let n(o) be the first derivative of -o**3/3 - 7*o**2/2 - 3*o + 2. What is n(b)?
7
Let p be (16/7)/((-6)/(-21)). Let f(t) = t - 12. Let g be f(p). Let s be 2 + 0*(g/(-8))/1. Let x(u) = -u**3 - 2*u**2 + 4*u - 3. What is x(s)?
-11
Let t(l) = l**3 + 12*l**2 - 2*l + 1. Let r(v) = -11*v**2 - 16*v + 15. Let x be r(1). Calculate t(x).
25
Let b(t) = 41 + 23 - 113 - t + 46. Let z = 20 - 20. Calculate b(z).
-3
Let q(l) = -8*l**3 - 3*l**2 + 5*l - 4. Suppose -189 = 23*p - 235. Determine q(p).
-70
Let d(p) = 4*p**2 - 3*p - 1 + p + 2*p - p**3 - 4*p. Let l be (884/(-39) - -23)/((-20)/(-18) + -1). What is d(l)?
-4
Let g be 3 + ((-11)/2 - -4)*2. Suppose g = -21*f + 28*f - 21. Let n(z) = z**3 - 2*z + 2. Calculate n(f).
23
Let h(t) = 4*t**2 + 4*t - 4. Let m be h(0). Let u be 26/4 - m*2/(-16). Let q(o) = -o**3 + 6*o**2 - 3*o - 2. What is q(u)?
-20
Let v = -676 - -449. Let n = v + 222. Let u(k) = -3*k + 2. Determine u(n).
17
Let j(q) be the first derivative of -5/12*q**4 + 0*q - 1/6*q**3 - 31 - 3*q**2. Let y(z) be the second derivative of j(z). Determine y(2).
-21
Suppose -5*t - 3*l = -115, -2*l + 1 = 11. Let g(z) = -73 + t + 41 - 3*z. Give g(-4).
6
Suppose -12 = 3*z + 3*d, -z + 5*d - 2*d = 12. Let k = z + 15. Let j(a) be the first derivative of a**3/3 - 9*a**2/2 + 2*a + 2. What is j(k)?
2
Let t(b) = -9 + 18*b + 54*b - 62*b. Give t(1).
1
Let k(j) be the third derivative of j**6/120 + j**5/4 + 13*j**4/24 + 35*j**3/6 - 541*j**2. Calculate k(-14).
49
Suppose 13*c = -38 - 1. Suppose -1077 = 11*r - 7446. Let i(g) = -2*g**2 + 575*g - 2 + g**2 - r*g. Determine i(c).
1
Let m(s) = -s**3 + 13*s**2 + 9*s + 61. Let p be m(14). Let v(k) be the first derivative of k**4/4 + 10*k**3/3 + 4*k**2 + 5*k - 6. Calculate v(p).
14
Let o = 127 + -124. Let n(p) = -6 - 3*p**3 + 13*p**2 - 37*p**2 + 17*p**2 + 2. Let y(g) = -8*g**3 - 20*g**2 - 11. Let v(l) = 11*n(l) - 4*y(l). What is v(o)?
0
Suppose l + 5*f = 3*l + 20, -l - 12 = -3*f. Let c(a) = 43 - 56 + 47*a - 5*a**2 - 66*a. Let g(s) = s**2 + 3*s + 1. Let u(p) = -c(p) - 6*g(p). Give u(l).
7
Let a(d) = 17*d**3 + 39*d**2 - 23*d - 177. Let i(k) = 26*k**3 + 59*k**2 - 34*k - 266. Let h(p) = -23*a(p) + 15*i(p). Calculate h(-13).
3
Let v(b) = -b. Suppose 6*i + 2*j = 3*i - 3, 0 = i + 5*j + 1. Let l(o) = o**3 - 8*o**2 + 9*o + 4. Let t(k) = i*l(k) - 2*v(k).